isor of 72 and k?
18
Let w = -6 - -2. Let i be (w/6)/((-2)/33). Let q be (-48)/(-40) - (-1)/(-5) - 0. Calculate the greatest common factor of q and i.
1
Suppose -q - 1 = 3*r + 1, q + 2*r + 4 = 0. Let y = q - -14. Calculate the greatest common factor of 3 and y.
3
Suppose -5*v - 4*d + 76 = 0, -3*v + 17 = -d - 15. Let l be 1/(((-3)/v)/1). Let g = l - -8. What is the greatest common factor of g and 40?
4
Suppose 5*w + 72 = 11*w. Calculate the highest common divisor of 12 and w.
12
Suppose 3*q = -43 + 475. Calculate the greatest common divisor of 18 and q.
18
Let v = -19 - -49. Calculate the highest common divisor of 20 and v.
10
Let s(z) = -z**2 + 10*z - 3. Let h be (10 - 1)*(-2)/(-2). Let m be s(h). Calculate the highest common factor of m and 18.
6
Let m be 3 - (1 + -4 + 5). What is the highest common factor of 1 and m?
1
Let r = 78 + -46. Calculate the highest common divisor of r and 4.
4
Suppose 2*q + 140 = 5*s, 0 = -s - 2*q + 2 + 14. Suppose -s = -4*f + 94. What is the greatest common divisor of f and 20?
10
Suppose 5*v - 7*v + 6 = 0. Suppose 2*q + 2*l - v*l = 1, 4*q - l = 7. Suppose 3*m = 2*m + 27. Calculate the highest common factor of q and m.
3
Let v be (-1)/(-6) + 380/24. Calculate the greatest common factor of 40 and v.
8
Suppose -a + 22 = a. Suppose -15*q = -q - 1232. Calculate the highest common divisor of q and a.
11
Let a be 0*((-9)/(-6) - 1). Suppose a = -15*x + 12*x + 45. Calculate the greatest common divisor of x and 75.
15
Let t = -11 + 13. Let q = t - -2. What is the greatest common factor of q and 32?
4
Let b(f) = -f**3 + 5*f**2 + 3. Let t be b(5). Let w = t - -4. Let m = w + 21. Calculate the greatest common factor of m and 42.
14
Let v(f) = f**2 + 4*f + 18. Let m be v(-8). Let o = 1 - 2. Let i be ((-30)/((-3)/(-1)))/o. Calculate the highest common factor of i and m.
10
Let p be -70*2*(-1)/2. Calculate the greatest common divisor of p and 35.
35
Let u(x) = 12*x - 6. Suppose -5*m + 26 = -14. Let t be u(m). Calculate the highest common divisor of 10 and t.
10
Let v = 11 - -31. Suppose -2*j - 5 = -17. Suppose j = h + 3*i, 3*i + 2*i = 0. What is the greatest common factor of h and v?
6
Suppose 2*l = 2, 2*r - 4*l = -2*l + 142. Calculate the highest common factor of r and 8.
8
Let p be 24/40 - 6/10. Suppose l + 927 = 4*s, p*l + 2*l = -5*s + 1149. Calculate the highest common factor of 21 and s.
21
Let j be (-21)/(-12)*4*1. What is the highest common factor of 63 and j?
7
Let d(c) be the first derivative of 4*c**2 + 2*c + 3. Let a be d(2). Calculate the greatest common divisor of 54 and a.
18
Suppose -1 = v - 4, -2*a - 1 = -3*v. What is the greatest common divisor of a and 32?
4
Let y = -132 - -12. Let s = 219 + y. What is the greatest common factor of 9 and s?
9
Let a = -27 + 46. Calculate the highest common factor of a and 19.
19
Let f be ((-92)/(2*-1))/1. Let x = 54 + -31. Calculate the highest common divisor of x and f.
23
Let c(w) = -20*w - 3. Suppose -3 = -5*r + 2*r. Let z = r - 5. Let q be c(z). What is the greatest common factor of q and 7?
7
Suppose 3*z - 12 = -2*r, r - 5 = -z - 0. Let s be -1*3*(-4)/r. Suppose 3*m = -2*q + 27, -13 - 4 = -2*q - m. Calculate the highest common factor of s and q.
2
Suppose -3*l = -0 + 6. Let o = l - -23. What is the highest common factor of o and 7?
7
Let y(v) = -v**3 + 2*v**2 + 4*v - 2. Let j be y(3). Let i be 1 + 11 + j*-2. Let u = -13 - -38. What is the greatest common divisor of u and i?
5
Let j be 9 + -11 - (-86)/1. What is the highest common factor of j and 6?
6
Suppose -4*t + 55 = -41. Calculate the highest common divisor of t and 240.
24
Suppose 0*g = -4*g + 80. Suppose 0 = v - 23 - 27. Calculate the highest common factor of v and g.
10
Let c be (-5)/(-20) + 438/8. Suppose -4*a + 8*s - 3*s + 36 = 0, 32 = 4*a - 4*s. Let p be -11*(-3 + a/2). Calculate the greatest common factor of p and c.
11
Let i = -24 - -39. Suppose -2*p - 6 - 2 = 0, -5*p - 28 = -4*z. Suppose 115 = z*l - 5. What is the greatest common divisor of i and l?
15
Let p = -20 + 24. Calculate the highest common factor of p and 28.
4
Suppose 6*i = 2*i + 48. Suppose -51 = -v + i. Let q(j) = j**3 - j**2 - 3*j - 2. Let d be q(3). Calculate the highest common divisor of d and v.
7
Suppose -179 = -a - b, a - 183 = -2*b - 0*b. What is the greatest common factor of a and 25?
25
Let m = 16 - 13. Let p(h) = 2*h**3 - 5*h**2 + 4*h - 4. Let y be p(m). Suppose -2*z - 272 = -4*z. What is the highest common factor of z and y?
17
Suppose 4*h = -h - 3*y - 137, -5*h = 5*y + 145. Let b = h + 26. What is the highest common divisor of b and 8?
1
Let t(h) = h**3 - h**2 + h - 2. Let m be t(2). What is the greatest common factor of 1 and m?
1
Suppose -16 = 3*j - 40. Let f be 1/4*4 + j. What is the greatest common factor of 3 and f?
3
Suppose -2*n + 693 = 49. Let z = -192 + n. Suppose 2*r - z = 5*y, r + 2*y = 3*y + 65. What is the highest common divisor of 13 and r?
13
Let d be 6/12 - 185/(-2). Suppose j = -2*j + d. Let k = j + 7. Calculate the greatest common divisor of 19 and k.
19
Let s(r) = -7*r - 4. Let q be s(-2). Calculate the greatest common divisor of q and 30.
10
Suppose -i = 1 + 2, 0 = -3*v - 3*i + 84. Suppose -r = -4*u + 249, u + 62*r - 63*r = 63. What is the highest common factor of u and v?
31
Suppose -5*u + 605 = -0*u. Calculate the highest common factor of u and 11.
11
Let u be (-2)/(-6) - (-101)/3. Calculate the greatest common factor of 17 and u.
17
Suppose 3*z - 5*z = -6. Suppose -5*y + 183 + 151 = z*o, 2*o - 244 = 2*y. Let c = -62 + o. Calculate the greatest common divisor of c and 8.
8
Suppose -5*d = -5*j + 70, -d - 53 = -0*j - 4*j. Calculate the greatest common factor of 104 and j.
13
Suppose -p = 6*j - 3*j - 9, 5*j = -3*p + 19. What is the highest common factor of 9 and p?
3
Let c = -165 - -246. Calculate the greatest common factor of 54 and c.
27
Let k be -7 - -33 - 1*4. What is the greatest common factor of k and 198?
22
Suppose -2*c - c = -765. Suppose -3*l = -c - 81. What is the highest common factor of l and 14?
14
Let q = 26 - -4. Let n be (-1)/(-4) + (-5)/4. Let x = n - -7. Calculate the greatest common factor of x and q.
6
Let o be 3/9 + (-28)/(-6). Let b be o - (-3 + 2)/1. Suppose 3*l = 120 + b. Calculate the highest common factor of l and 21.
21
Suppose r = 3*l + 18, r + l + 3*l = 18. Let a = -10 + 37. What is the greatest common factor of a and r?
9
Let x(l) = 22*l - 1. Let b be x(1). Calculate the greatest common divisor of 105 and b.
21
Let m be -1*(1 - (-2 + 4)). Let l be (-66 + -2)*m/(-2). Let b(f) = -f**3 + 8*f**2 + 4*f - 15. Let c be b(8). Calculate the highest common divisor of c and l.
17
Let z(s) = -s**2 + 6*s + 3. Let c(i) = 2*i - 6. Let y be c(6). Let j be z(y). Calculate the greatest common divisor of j and 27.
3
Let r be 28/35 - (-528)/15. What is the greatest common factor of 96 and r?
12
Let w be (-33 - -31)*2*3*-3. Suppose 41 = 4*n + 5. Calculate the greatest common factor of n and w.
9
Let x = 9 + -6. Suppose -6*q + 72 = -x*q. What is the highest common factor of q and 48?
24
Suppose -z + 0*n - 9 = -5*n, 0 = -z - 2*n - 16. Let h = z + 35. What is the highest common divisor of h and 7?
7
Let x = 12 - 7. Suppose 0 = -4*d + 5*m + 33, 0 = x*d - m + 8 - 23. Suppose 4*p - 22 = 34. Calculate the greatest common factor of d and p.
2
Suppose -5*m = -6*m - 4*a + 18, 4*a - 12 = 0. Let f be 10/6*(1 - 16). Let n = f - -43. What is the highest common divisor of n and m?
6
Let z be (-262)/(-11) + (-12)/(-66). Let f be z*-2*(-4)/16. Suppose 3*a = 2*a + 24. Calculate the highest common factor of f and a.
12
Let j be (-182)/(-35) + 2/(-10). Suppose -3*t = -j*t + 38. Calculate the highest common factor of 95 and t.
19
Let t be (3 + -7)/((-6)/3). Suppose -35 = t*o + 43. Let s = o - -138. What is the greatest common factor of s and 11?
11
Suppose -8*c + 12 = -2*c. Let j = -25 + 43. What is the greatest common factor of c and j?
2
Let z(w) = -w**3 + 7*w**2 + 9*w - 4. Let m be z(8). Suppose m*a = 70 + 10. What is the highest common divisor of 220 and a?
20
Suppose -3*a = 5*b - 28, 3*b - 52 = a - 6*a. Calculate the greatest common divisor of 22 and a.
11
Let i = -3 - -8. Suppose i*y = y + 576. Let q be (-5)/(-15) + (-47)/(-3). What is the highest common divisor of q and y?
16
Let x(u) = 18*u**2 - 3*u + 2. Let o = 12 +